5. Is t composite?
False
Let j(t) be the third derivative of -103*t**6/8 - t**5/60 + t**4/12 + t**3/3 + 13*t**2. Let g be j(-1). Is -2 + g + 4/4 a composite number?
False
Let o = 222451 - 133084. Is o a prime number?
False
Let m be ((-2)/4)/(84/(-2184672)). Let q = m + 9201. Is q a composite number?
True
Suppose 5*o = -124*h + 126*h + 247791, -4*o + 4*h + 198228 = 0. Is o prime?
True
Let l(y) = 13711*y**3 - 7*y**2 + 30*y - 7. Is l(3) prime?
True
Let m(f) = -2*f**3 - 14*f**2 + 5*f + 10. Suppose -27*n = -28*n - 13. Is m(n) prime?
True
Is (-105)/70*-1*(-400142)/(-3) composite?
True
Let r be 16/(-10) + 4 + (-22)/5. Let a = r - 3. Is (10/(-6))/a*1239 prime?
False
Let q = -66 + -4. Let n = q - -74. Suppose -844 = -n*m - 0*m. Is m composite?
False
Is (-9594305)/(-30) - (-415)/498 a prime number?
True
Suppose -124*p = 53*p - 41665977. Is p prime?
False
Let v = -8 - -12. Suppose d - 30 = -5*g, v*g + g - 15 = 2*d. Suppose -2*l = -0*b - d*b - 881, -3*b = -3. Is l composite?
False
Let t(q) be the first derivative of -160*q**4 + 5*q**3/3 + q**2 - 2*q - 46. Is t(-1) a composite number?
False
Let i = 1159212 - 341989. Is i prime?
False
Let r(n) = -n**3 + 4*n**2 - 5*n + 4. Let b = -5 - -7. Let f be r(b). Suppose -f*g - 95 + 285 = 0. Is g a composite number?
True
Let j(n) = 4304*n + 759. Is j(22) a prime number?
False
Let v be 1 - 0 - 90/45. Is v/(7/(-3577) - 0) a prime number?
False
Suppose 3*i + 0*i = -z + 177, -i - 3*z = -59. Let n = -56 + i. Suppose -5*k - 20 = 0, k = -n*v + 3*k + 221. Is v prime?
True
Let t be (-6)/10 - 68/(-425)*35. Let j = -1 + 1. Suppose -t*q + q = -4*l - 2832, j = 4*q + 5*l - 2877. Is q prime?
False
Let a = -109091 + 289288. Is a a composite number?
True
Let d = 91206 - 17989. Is d prime?
False
Let v be 2 - (-4)/1 - (-96)/(-4). Let w(s) = s**3 + 21*s**2 - 17 + 22*s + 8*s**2 - 6*s**2. Is w(v) prime?
False
Is (-3)/(-36) + ((-12008213)/252)/(2/(-6)) composite?
True
Let r = 5 + -1. Let w(l) = 77*l**3 - 4*l**2 + 4*l - 1. Let x(k) = 76*k**3 - 3*k**2 + 3*k - 1. Let u(o) = r*w(o) - 5*x(o). Is u(-1) a composite number?
False
Let b(p) = -3*p + 1385. Let a = -30 + 30. Let y be 2 + a - 16/(-24)*-3. Is b(y) prime?
False
Suppose 10*x - 65336 - 64104 = 0. Let h = x - 3715. Is h composite?
True
Let w(j) = 2962*j**2 - 25*j - 390. Is w(-13) a composite number?
True
Let v = -10175 - -15231. Suppose x - a = -2*x + 3788, 4*x - 4*a = v. Suppose x = 3*n - n. Is n composite?
False
Let r(s) be the second derivative of 10*s**3/3 + 3*s**2 + 21*s. Let z be (28/(-21))/((-1)/3). Is r(z) a prime number?
False
Let w(n) = -n**3 - 8*n**2 + 16. Let t be 60/(-140) - (-3)/7. Suppose 6 = -t*b - 3*b, -19 = y + 4*b. Is w(y) a composite number?
False
Let q = 54 + -59. Let d(r) = -443*r - 12. Is d(q) prime?
True
Let p(v) = 2*v**2 - 2*v - 3. Let u be p(3). Is (-45)/10 - u/(-6) - -842 a composite number?
False
Suppose -3*b - 2 + 17 = 0. Suppose -a + 3*a = b*s, 0 = 4*s - 5*a. Let c(v) = -v**3 - v + 1257. Is c(s) composite?
True
Suppose 0 = 21*i - 11*i - 385120. Suppose 3*y + 3*g + 2*g = i, -2*g - 12819 = -y. Is y composite?
False
Is ((-1)/(-6) + (-1311)/414)*-617 a composite number?
True
Let k(b) = -b**2 + 5*b - 6. Let f(p) = -1. Let n(g) = -3*f(g) + k(g). Let h be n(5). Is h + (0 + -2)*-406 composite?
False
Let h(s) = 29*s**3 + 2*s**2 + s + 1. Let g(w) = 2*w + 14. Let m be g(-8). Let r be h(m). Let l = 427 + r. Is l a prime number?
False
Let g(j) = 15*j**2 + 23*j - 23. Suppose 809 = -9*r - 370. Let i = 115 + r. Is g(i) prime?
True
Let n(a) = 86*a**2 - 58*a - 131. Is n(-25) a composite number?
True
Let h(q) = -q**3 - 7*q**2 - 2*q + 32. Let w be h(-6). Is (w + 573)*(-4)/(-14) - 3 prime?
True
Let t(x) be the third derivative of -593*x**4/24 - 5*x**3/3 + 22*x**2. Let n be t(-4). Suppose -619 = -2*l - y, -2*y = -5*l + n - 837. Is l prime?
True
Let z(l) be the third derivative of -7*l**6/60 - l**4/24 + l**3/6 + 2*l**2 + 8*l. Is z(-8) a prime number?
True
Let k = -8674 + 14746. Let v = k + 2540. Suppose 4*l + j - v = 3*j, -6459 = -3*l + j. Is l prime?
True
Let p(y) = 1436*y**2 + 288*y - 3. Is p(17) a composite number?
True
Let w = 33 - -50. Suppose -w*z + 68*z + 1421895 = 0. Is z a composite number?
False
Suppose -3*f = y - 55468 - 65559, f = 5*y + 40353. Is f a composite number?
False
Suppose -109*i + 65*i - 119268 = -62*i. Is i prime?
False
Suppose -3*a + 180 = 2*a - j, 0 = -3*a - 5*j + 108. Let x = 40 - a. Is (2/x)/(3/3210) prime?
False
Let s(o) = 1 - o**3 + 2*o + 2*o - 8*o**2 + 7*o - 3*o. Let b be s(-9). Is 67688/b + 20/100 prime?
False
Let n = -53 + 62. Let s be 75/40 + (n/8 - 1). Suppose u - j + 6*j - 266 = 0, s*j + 245 = u. Is u composite?
False
Suppose -1789*h - 6 = -1792*h. Is 12/7 - h - 587019/(-21) a prime number?
True
Let i = 1834 - 113. Let o = -472 + i. Suppose -4*m - 2*u + o = -m, -20 = 5*u. Is m a composite number?
False
Suppose -3*o + 183098 = 34595. Is o a composite number?
True
Let j = -28 + 20. Is (j - -11)*993/9 prime?
True
Let v(n) = 3291*n**2 - 157*n - 2977. Is v(-23) composite?
False
Suppose 70*o + 21307330 = 92*o. Is o a prime number?
False
Suppose -57*x = -19661089 - 66222008. Is x a prime number?
True
Let b = 18427 + -12894. Is b prime?
False
Let w(t) = -1328*t - 51. Is w(-4) a prime number?
True
Let j = -20 - -24. Let o(c) = c**3 - 4*c**2 + c - 2. Let b be o(j). Suppose 0 = -b*x + x + 83. Is x composite?
False
Is -5*(5 + 3799306/(-35) + 10) prime?
True
Suppose -191*o + 190*o = -15. Is (-131155)/(-170)*(o + -1) composite?
True
Let p(y) = -y**3 + 5*y**2 + 3*y + 8. Let v be p(-4). Let d be v/(-40)*31*-4. Suppose 1137 = 3*k - 2*g, -2*k = -3*g - d - 324. Is k prime?
True
Let y(c) = -c**3 + 4*c**2 + 11*c + 14. Let q be y(-2). Suppose 0 = 3*b - i - 1976, -b + 639 + q = -4*i. Is b a composite number?
False
Let x = -6347 + 18873. Is x composite?
True
Suppose 4*r - 2*r - 9615 = -3*w, -3*r = -5*w - 14394. Suppose 0*k + r = -3*b - 3*k, 3205 = -2*b - k. Let p = b - -3001. Is p a composite number?
True
Suppose 0 = j, -3*t - 2*j = -j - 23388. Is (-3 - 61/(-2))*t/10 prime?
False
Is (-11)/(121/948783)*((-21)/9 + 2) a composite number?
False
Let d(h) = 3627*h**2 - 120*h - 2311. Is d(-20) a composite number?
True
Is 88/(-1716) + 15057358/78 a prime number?
True
Let o(h) be the second derivative of 161*h**3/6 + 43*h**2/2 + 10*h - 3. Is o(6) prime?
True
Let o(h) = -66*h**3 - 25*h**2 + 3*h - 31. Is o(-9) a composite number?
True
Let d = 42359 - -1508. Is d a prime number?
True
Let j(w) = 74686*w**2 + 94*w + 95. Is j(-1) a prime number?
True
Let h be ((-150)/2)/((-3)/2). Suppose -47*u = -h*u + 19407. Is u a composite number?
False
Let r(d) = 34*d**2 + 3*d + 2. Suppose -15*k - 15 = -10*k. Is r(k) composite?
True
Is (1768285/((-11)/11))/(0 + -5) a composite number?
False
Suppose 2*g = -2*h - 4, 3*g + 5 + 10 = 0. Suppose -z + 198 = -5*u, -4*z - 403 = -6*z + h*u. Is z a composite number?
True
Let q be ((1 + 1)/6)/(3/(-63)). Let s(t) = -3*t**3 - 5*t**2 - 7*t - 3. Let y be s(q). Let v = y - 195. Is v a prime number?
False
Let t = -60492 - -208109. Is t a composite number?
False
Let u be ((-15)/(-12) - 1) + 819/36. Suppose -u*j + 0*j = -69851. Is j prime?
True
Let m(b) = -2*b**3 - 4*b**2 + 5*b + 2. Let g be m(-3). Let i(u) = 12*u**3 - 3*u**2 + 2*u + 6. Is i(g) composite?
True
Is (7 + 30/(-10) - 7) + 11791*14 a composite number?
True
Suppose -2*a - 681778 = -4*b, 6*b - 340910 = 4*b + 4*a. Is b prime?
True
Suppose -5*r + 6*z = z + 9410, -2*r = 3*z + 3769. Let d = r + 3442. Is d a prime number?
True
Is 22804*2 - (102/(-17) - -7) a prime number?
False
Suppose -3*w + 2*k - 7176 = -6*w, w + 3*k - 2385 = 0. Suppose -w = -2*y + 4*x - 292, 0 = 5*y - 3*x - 5248. Is y a composite number?
False
Let a = -104 + 122. Is (a/(-12))/((-6)/6472) composite?
True
Suppose -2*q - 44*q + 6643820 = -436086. Is q a prime number?
True
Let f = -47 - -60. Suppose -5*z + 28 - f = 0. Suppose -9*c = -z*c - 1218. Is c prime?
False
Let q(n) = 15808*n + 5053. Is q(30) a composite number?
True
Suppose -c = 5*b - 199, 0*b - 10 = 5*b. Let a be (-4)/((-52)/12 - -3). Suppose c = z + 2*y, -4*z + a*z = y - 209. Is z prime?
False
Suppose 0 = -6*f + 175033 + 228749. Is f a prime number?
False
Suppose 2 = x, 2*i + 5*x - 54627 = 93593. Is i a prime number?
False
Suppose o = -2*m - 14, -o + 1 = 3. Let a be 9634 + 10 + m/(-2). S